{"id":2757,"date":"2026-02-08T09:36:06","date_gmt":"2026-02-08T09:36:06","guid":{"rendered":"https:\/\/spalt.ch\/?page_id=2757"},"modified":"2026-02-10T14:49:25","modified_gmt":"2026-02-10T14:49:25","slug":"startseite00","status":"publish","type":"page","link":"https:\/\/zahntechnik.spalt.ch\/","title":{"rendered":"Startseite"},"content":{"rendered":"<div class=\"spalt-wrapper\">\n<h1>WILLKOMMEN IN MEINEM ZAHNTECHNISCHEN LABOR IM HERZEN DES WALLIS.<\/h1>\n<h2>Pr\u00e4zision, Erfahrung und N\u00e4he<br \/>\nf\u00fcr Ihr sch\u00f6nstes L\u00e4cheln<\/h2>\n<div class=\"spalt-hero\">\n<p><img decoding=\"async\" src=\"https:\/\/spalt.ch\/wp-content\/uploads\/2025\/10\/Standort-scaled.jpg\" \/><\/p>\n<p>Spalt Zahntechnik, B\u00e4ssestrasse 31, 3955 Albinen<\/p>\n<\/div>\n<div class=\"spalt-divider\"><\/div>\n<div class=\"spalt-text\">Als Zahntechniker und Diplom-Dentalingenieur mit langj\u00e4hriger Erfahrung in der Forschung, Entwicklung und des Produktmanagements verbinde ich wissenschaftliches Know-how mit handwerklicher Pr\u00e4zision.<\/div>\n<p><img loading=\"lazy\" decoding=\"async\" class=\"alignnone wp-image-2963\" src=\"https:\/\/spalt.ch\/wp-content\/uploads\/2026\/02\/ChatGPT-Image-23.-Okt.-2025-14_35_25.png\" alt=\"\" width=\"189\" height=\"189\" srcset=\"https:\/\/zahntechnik.spalt.ch\/wp-content\/uploads\/2026\/02\/ChatGPT-Image-23.-Okt.-2025-14_35_25.png 1024w, https:\/\/zahntechnik.spalt.ch\/wp-content\/uploads\/2026\/02\/ChatGPT-Image-23.-Okt.-2025-14_35_25-300x300.png 300w, https:\/\/zahntechnik.spalt.ch\/wp-content\/uploads\/2026\/02\/ChatGPT-Image-23.-Okt.-2025-14_35_25-150x150.png 150w, https:\/\/zahntechnik.spalt.ch\/wp-content\/uploads\/2026\/02\/ChatGPT-Image-23.-Okt.-2025-14_35_25-768x768.png 768w, https:\/\/zahntechnik.spalt.ch\/wp-content\/uploads\/2026\/02\/ChatGPT-Image-23.-Okt.-2025-14_35_25-512x512.png 512w\" sizes=\"auto, (max-width: 189px) 100vw, 189px\" \/><\/p>\n<div class=\"spalt-divider\"><\/div>\n<h2>Leistungs\u00fcbersicht<\/h2>\n<p>Ich fertige ma\u00dfgeschneiderten Zahnersatz \u2013 von Schienen \u00fcber festsitzenden Zahnersatz bis hin zu Total- und Teilprothesen \u2013 mit modernster CAD\/CAM-Technologie.<\/p>\n<p><!-- ===== LEISTUNGEN ===== --><\/p>\n<div class=\"spalt-grid\">\n<div class=\"spalt-card\">\n<p><a href=\"#popmake-2523\"><img loading=\"lazy\" decoding=\"async\" class=\"alignnone wp-image-2778 size-full\" src=\"https:\/\/spalt.ch\/wp-content\/uploads\/2026\/02\/implant-1.png\" alt=\"\" width=\"271\" height=\"360\" srcset=\"https:\/\/zahntechnik.spalt.ch\/wp-content\/uploads\/2026\/02\/implant-1.png 271w, https:\/\/zahntechnik.spalt.ch\/wp-content\/uploads\/2026\/02\/implant-1-226x300.png 226w\" sizes=\"auto, (max-width: 271px) 100vw, 271px\" \/><\/a>Einzelkronen auf Implantaten<\/p>\n<\/div>\n<div class=\"spalt-card\">\n<p><a href=\"#popmake-2550\"><img loading=\"lazy\" decoding=\"async\" class=\"alignnone wp-image-2776 size-full\" src=\"https:\/\/spalt.ch\/wp-content\/uploads\/2026\/02\/einzelkrone.png\" alt=\"\" width=\"308\" height=\"383\" srcset=\"https:\/\/zahntechnik.spalt.ch\/wp-content\/uploads\/2026\/02\/einzelkrone.png 308w, https:\/\/zahntechnik.spalt.ch\/wp-content\/uploads\/2026\/02\/einzelkrone-241x300.png 241w\" sizes=\"auto, (max-width: 308px) 100vw, 308px\" \/><\/a>Einzelkronen auf nat\u00fcrlichem Stumpf<\/p>\n<\/div>\n<div class=\"spalt-card\">\n<p><a href=\"#popmake-2552\"><img loading=\"lazy\" decoding=\"async\" class=\"alignnone wp-image-2775 size-full\" src=\"https:\/\/spalt.ch\/wp-content\/uploads\/2026\/02\/Bruecke-400.png\" alt=\"\" width=\"473\" height=\"400\" \/><\/a>Br\u00fcckenkonstruktionen<\/p>\n<\/div>\n<div class=\"spalt-card\">\n<p><a href=\"#popmake-2576\"><img loading=\"lazy\" decoding=\"async\" class=\"alignnone wp-image-2779 size-full\" src=\"https:\/\/spalt.ch\/wp-content\/uploads\/2026\/02\/totale00-2.png\" alt=\"\" width=\"332\" height=\"241\" srcset=\"https:\/\/zahntechnik.spalt.ch\/wp-content\/uploads\/2026\/02\/totale00-2.png 332w, https:\/\/zahntechnik.spalt.ch\/wp-content\/uploads\/2026\/02\/totale00-2-300x218.png 300w\" sizes=\"auto, (max-width: 332px) 100vw, 332px\" \/><\/a>Totalprothetik<\/p>\n<\/div>\n<div class=\"spalt-card\">\n<p><a href=\"#popmake-2604\"><img loading=\"lazy\" decoding=\"async\" class=\"alignnone wp-image-2780 size-full\" src=\"https:\/\/spalt.ch\/wp-content\/uploads\/2026\/02\/teilprothese-gross.png\" alt=\"\" width=\"512\" height=\"512\" \/><\/a>Teilprothetik<\/p>\n<\/div>\n<div class=\"spalt-card\">\n<p><a href=\"#popmake-2657\"><img loading=\"lazy\" decoding=\"async\" class=\"alignnone wp-image-2774\" src=\"https:\/\/spalt.ch\/wp-content\/uploads\/2026\/02\/bruch-gross-1.png\" alt=\"\" width=\"600\" height=\"600\" \/><\/a>Reparaturen<\/p>\n<\/div>\n<\/div>\n<div class=\"spalt-divider\"><\/div>\n<p>Dank der regionalen Fertigung profitieren Sie von kurzen Wegen und schnellen Reparaturen, oft innerhalb eines Tages.<\/p>\n<p><img decoding=\"async\" class=\"spalt-siegel\" src=\"https:\/\/spalt.ch\/wp-content\/uploads\/2025\/10\/ChatGPT-Image-23.-Okt.-2025-14_21_27.png\" \/><\/p>\n<p>So entsteht Zahnersatz, der Funktion, \u00c4sthetik und Komfort vereint \u2013 aus einer Hand, direkt im Wallis.<\/p>\n<\/div>\n","protected":false},"excerpt":{"rendered":"<p>WILLKOMMEN IN MEINEM ZAHNTECHNISCHEN LABOR IM HERZEN DES WALLIS. Pr\u00e4zision, Erfahrung und N\u00e4he f\u00fcr Ihr sch\u00f6nstes L\u00e4cheln Spalt Zahntechnik, B\u00e4ssestrasse 31, 3955 Albinen Als Zahntechniker &hellip;<\/p>\n","protected":false},"author":1,"featured_media":0,"parent":0,"menu_order":0,"comment_status":"closed","ping_status":"closed","template":"","meta":{"footnotes":""},"class_list":["post-2757","page","type-page","status-publish","hentry"],"_links":{"self":[{"href":"https:\/\/zahntechnik.spalt.ch\/index.php?rest_route=\/wp\/v2\/pages\/2757","targetHints":{"allow":["GET"]}}],"collection":[{"href":"https:\/\/zahntechnik.spalt.ch\/index.php?rest_route=\/wp\/v2\/pages"}],"about":[{"href":"https:\/\/zahntechnik.spalt.ch\/index.php?rest_route=\/wp\/v2\/types\/page"}],"author":[{"embeddable":true,"href":"https:\/\/zahntechnik.spalt.ch\/index.php?rest_route=\/wp\/v2\/users\/1"}],"replies":[{"embeddable":true,"href":"https:\/\/zahntechnik.spalt.ch\/index.php?rest_route=%2Fwp%2Fv2%2Fcomments&post=2757"}],"version-history":[{"count":31,"href":"https:\/\/zahntechnik.spalt.ch\/index.php?rest_route=\/wp\/v2\/pages\/2757\/revisions"}],"predecessor-version":[{"id":2968,"href":"https:\/\/zahntechnik.spalt.ch\/index.php?rest_route=\/wp\/v2\/pages\/2757\/revisions\/2968"}],"wp:attachment":[{"href":"https:\/\/zahntechnik.spalt.ch\/index.php?rest_route=%2Fwp%2Fv2%2Fmedia&parent=2757"}],"curies":[{"name":"wp","href":"https:\/\/api.w.org\/{rel}","templated":true}]}}