{"id":2973,"date":"2026-02-10T14:55:31","date_gmt":"2026-02-10T14:55:31","guid":{"rendered":"https:\/\/spalt.ch\/?page_id=2973"},"modified":"2026-02-10T15:43:11","modified_gmt":"2026-02-10T15:43:11","slug":"zahnersatz","status":"publish","type":"page","link":"https:\/\/zahntechnik.spalt.ch\/?page_id=2973","title":{"rendered":"zahnersatz"},"content":{"rendered":"<div class=\"spalt-lab-grid\">\n<figure>\n    <img decoding=\"async\" src=\"https:\/\/spalt.ch\/wp-content\/uploads\/2026\/02\/Totale01_bg2-937x1024.png\"><figcaption>Totalprothetik<\/figcaption><\/figure>\n<figure>\n    <img decoding=\"async\" src=\"https:\/\/spalt.ch\/wp-content\/uploads\/2026\/02\/Totale00_bg2-826x1024.png\"><figcaption>Funktionelle und \u00e4sthetische Prothetik<\/figcaption><\/figure>\n<figure>\n    <img decoding=\"async\" src=\"https:\/\/spalt.ch\/wp-content\/uploads\/2026\/02\/SZ_Bruecke_bg2-1024x834.png\"><figcaption>Teilverblendete Br\u00fccke<\/figcaption><\/figure>\n<figure>\n    <img decoding=\"async\" src=\"https:\/\/spalt.ch\/wp-content\/uploads\/2026\/02\/MG01_Hell_bg2-1024x944.png\"><figcaption>Teilprothesen<\/figcaption><\/figure>\n<figure>\n    <img decoding=\"async\" src=\"https:\/\/spalt.ch\/wp-content\/uploads\/2026\/02\/Goldkrone01_bg2-1-1024x816.png\"><figcaption>Verblockte Goldkronen<\/figcaption><\/figure>\n<figure>\n    <img decoding=\"async\" src=\"https:\/\/spalt.ch\/wp-content\/uploads\/2026\/02\/FZ04_bg2-1024x490.png\"><figcaption>Verblendetes Zirkonkk\u00e4ppchen<\/figcaption><\/figure>\n<figure>\n    <img decoding=\"async\" src=\"https:\/\/spalt.ch\/wp-content\/uploads\/2026\/02\/FZ_Kronen_bg2-1024x612.png\"><figcaption>Kompositverblendungen<\/figcaption><\/figure>\n<\/div>\n","protected":false},"excerpt":{"rendered":"<p>Totalprothetik Funktionelle und \u00e4sthetische Prothetik Teilverblendete Br\u00fccke Teilprothesen Verblockte Goldkronen Verblendetes Zirkonkk\u00e4ppchen Kompositverblendungen<\/p>\n","protected":false},"author":1,"featured_media":0,"parent":0,"menu_order":0,"comment_status":"closed","ping_status":"closed","template":"","meta":{"footnotes":""},"class_list":["post-2973","page","type-page","status-publish","hentry"],"_links":{"self":[{"href":"https:\/\/zahntechnik.spalt.ch\/index.php?rest_route=\/wp\/v2\/pages\/2973","targetHints":{"allow":["GET"]}}],"collection":[{"href":"https:\/\/zahntechnik.spalt.ch\/index.php?rest_route=\/wp\/v2\/pages"}],"about":[{"href":"https:\/\/zahntechnik.spalt.ch\/index.php?rest_route=\/wp\/v2\/types\/page"}],"author":[{"embeddable":true,"href":"https:\/\/zahntechnik.spalt.ch\/index.php?rest_route=\/wp\/v2\/users\/1"}],"replies":[{"embeddable":true,"href":"https:\/\/zahntechnik.spalt.ch\/index.php?rest_route=%2Fwp%2Fv2%2Fcomments&post=2973"}],"version-history":[{"count":7,"href":"https:\/\/zahntechnik.spalt.ch\/index.php?rest_route=\/wp\/v2\/pages\/2973\/revisions"}],"predecessor-version":[{"id":2998,"href":"https:\/\/zahntechnik.spalt.ch\/index.php?rest_route=\/wp\/v2\/pages\/2973\/revisions\/2998"}],"wp:attachment":[{"href":"https:\/\/zahntechnik.spalt.ch\/index.php?rest_route=%2Fwp%2Fv2%2Fmedia&parent=2973"}],"curies":[{"name":"wp","href":"https:\/\/api.w.org\/{rel}","templated":true}]}}